What are the prime factors of y(6)?
11
Let a(y) = -40*y - 26. List the prime factors of a(-2).
2, 3
Let a = -5 - -12. Let o = -7 + a. Suppose -3*h = -v - 70, -v + 0*v + 5 = o. List the prime factors of h.
5
Let c = 2564 - 1816. List the prime factors of c.
2, 11, 17
Let x(f) = -f**3 - 17*f**2 + 19*f + 90. What are the prime factors of x(-19)?
11, 41
Let s(a) = 10*a**3 - 1. Let d be s(1). What are the prime factors of 42/(-4)*(-84)/d?
2, 7
Let n(p) = 287*p**3 - p**2 + 3*p - 6. List the prime factors of n(2).
2, 3, 191
Let h = 3865 - -1156. List the prime factors of h.
5021
Let o(h) = -2*h - 1. Let d be o(-2). Let f(i) be the second derivative of 2*i**3/3 - 2*i**2 - i - 24. What are the prime factors of f(d)?
2
Suppose p - 23 = -0*p. Suppose -p*o = -19*o - 344. Suppose -j = j - o. What are the prime factors of j?
43
Suppose 11*m + 2462 = 11878. What are the prime factors of m?
2, 107
Suppose 2*v + 4 = -2*h, 4*v = -4 - 4. Suppose -p + 338 - 44 = h. What are the prime factors of (12/14)/(6/p)?
2, 3, 7
What are the prime factors of 8 - (-1274 + (5 - 8))?
5, 257
Let h = 75 - -337. What are the prime factors of h/9 - (58/(-18) + 3)?
2, 23
Let v be (-14)/(-6) + (-8)/(-12). Let u(d) = -v + 10 - d + 3*d. List the prime factors of u(3).
13
Let m(q) = -q**2 - 7*q - 3. Suppose 2*y = -f - y - 1, -5*y + 31 = -3*f. Let z be m(f). List the prime factors of (-1 + (-6)/z)*12.
2, 3
Let q(r) = -r**3 - 5*r**2 - 19*r - 16. List the prime factors of q(-5).
79
Suppose 0 = 2*d - 3*d + 1. Let h = 1 + d. Suppose -h*l + 7 = -3. What are the prime factors of l?
5
What are the prime factors of (53/7 - 7)/(6/1281)?
2, 61
Suppose 5*q - 10 = 20. Suppose q = 5*y - 9, 97 = j - 2*y. List the prime factors of j.
103
Suppose -2250 = -5*i + 4*w, -i + 459 = 2*w - w. What are the prime factors of i?
2, 227
Suppose 0 = -17*r + 6747 + 24941. What are the prime factors of r?
2, 233
Suppose -4*l - 7 = -19. Suppose -32 = m + l*m. List the prime factors of (-108)/m*4/6.
3
Suppose 96 = -3*a + 5*d, a + 15 = -4*d - 0. Let k = a - -31. Suppose -k*c + 3*b - 2*b = -211, 0 = -4*c + 4*b + 220. What are the prime factors of c?
2, 13
Let s = -514 - -5052. What are the prime factors of s?
2, 2269
Let b = -86 - -309. What are the prime factors of b?
223
What are the prime factors of (-10)/(-2) - (7 + -450)?
2, 7
Suppose 3*u + 17232 = 5*r - 2*r, 2*u = -3*r - 11468. Let v = u + 3700. List the prime factors of v/(-88) + 4/(-22).
23
Suppose 9*a = 4*a + 25. Let z = 24 - a. Suppose 5*o - z = 11. List the prime factors of o.
2, 3
Let a = -93 + 97. Suppose a*g - 708 = -0*g + v, 4*g + v = 716. What are the prime factors of g?
2, 89
Suppose 5085 = 5*y - 2*r, -4*y + 4070 = -15*r + 13*r. What are the prime factors of y?
5, 7, 29
Let r be (-58)/(-10) - 2/(-10). Suppose -5 = r*d - 11*d. What are the prime factors of d/(-2) - (-63)/2?
31
Let a = 41 + -4. Suppose a*k - 1995 = 30*k. What are the prime factors of k?
3, 5, 19
Suppose -27*k + 7931 = 2936. List the prime factors of k.
5, 37
Suppose 6*b - 240 - 210 = 0. Suppose b - 260 = -5*g. What are the prime factors of g?
37
Suppose 0 = -f - 5*u + 217 + 645, 5*f - 4362 = u. List the prime factors of f.
2, 109
Suppose 4*j + 1309 = -3*j. Let h = -127 - j. What are the prime factors of h?
2, 3, 5
Suppose -4*d = -0*d + 824. Let l = -114 - d. What are the prime factors of l?
2, 23
Let c(m) = -11*m - 216. What are the prime factors of c(-39)?
3, 71
Let v = 81 + -79. Suppose 2*x + 168 = v*p, -x - 3 = 2. What are the prime factors of p?
79
Suppose 61*u = 68*u - 77. Suppose -3*k = 3, u*k - 7*k - 197 = -3*h. List the prime factors of h.
67
Suppose 32*u + 494 = 33*u. List the prime factors of u.
2, 13, 19
Let b(x) = -x - 12. Let c be b(-9). Let v(q) = 20*q - 2. Let u be v(2). Let f = u + c. List the prime factors of f.
5, 7
Let d be (5/15)/((-2)/(-78)). Let a = 25 - d. Let n(m) = m**3 - 12*m**2 + 3*m + 2. List the prime factors of n(a).
2, 19
Let h(f) = -f**3 + 4*f**2 + 5*f + 2. Let x(r) = r**2 - r. Let i be x(2). Suppose -z - 4 = -i. List the prime factors of h(z).
2
Let z = 25 - 81. Let s be (z/10)/((-10)/25). Suppose -3*k = 2*g - 82 + s, 4*k - 16 = 0. What are the prime factors of g?
2, 7
What are the prime factors of 3/(-5) - (-12 + (-6768)/5)?
3, 5, 7, 13
Suppose 14*v - 7518 - 2576 = 0. List the prime factors of v.
7, 103
Suppose -25194 = -83*c + 272444. List the prime factors of c.
2, 11, 163
Let x be (-10)/65 + (-123)/(-39). What are the prime factors of x*1/(-1)*1166/(-33)?
2, 53
Suppose -22*p - 264 = -7304. What are the prime factors of p?
2, 5
Let n(u) = -u**2 - u + 2. Let l be n(-2). Suppose l = q + b - 18, 2*b = 5*q - 0*q - 104. What are the prime factors of q?
2, 5
Let o = 52 - 72. Let i = 158 + o. List the prime factors of i.
2, 3, 23
Let i(a) be the first derivative of a**4/4 + 2*a**3/3 - 5*a**2/2 - 2*a + 12. What are the prime factors of i(5)?
2, 37
Let b(y) = y + 29. Let m be b(-22). Suppose -2*d + 272 = o, -5*o + 3 = -m. What are the prime factors of d?
3, 5
Let d(x) = -x - 1. Let n be d(-2). Let b be -4*(1/1)/n. Let g(l) = -2*l - 1. List the prime factors of g(b).
7
Suppose 5*v + 21 = -a, 3*v = 2*a - 2*v + 72. Let z = 36 + a. What are the prime factors of z?
5
List the prime factors of (-1)/(-9) - (-16 - 151760/144).
2, 5, 107
Let d(f) = -13*f + 1. Suppose -19 = k - 4*m, 3*m - 15 = 4*k - 3*k. Let c be (-6 - -5)/(k/(-3)). List the prime factors of d(c).
2, 7
Suppose 0 = 5*d - 11412 + 1232. List the prime factors of d.
2, 509
List the prime factors of (-6*4/8)/(8/(-904)).
3, 113
List the prime factors of (-5)/(75/(-20)) + 1974/18.
3, 37
Let m(l) = -3*l**2 - 35*l + 1. Let b(d) = -2*d**2 - 35*d. Let z(u) = -4*b(u) + 3*m(u). List the prime factors of z(14).
3, 11
Let b = 431 + -279. Let j = -85 + b. Suppose 3*o = -5*m + j + 123, -5*o - 150 = -5*m. List the prime factors of m.
5, 7
Suppose 2*i - 1537 = h, 2866 + 205 = 4*i + h. List the prime factors of i.
2, 3
Suppose -2*f + 6*j = 4*j, -5*f + 28 = 2*j. Let c = -1 - -3. Suppose -1 = -2*m + c*h - h, m - f*h = -17. List the prime factors of m.
3
Let i(r) = -r**3 - 4*r**2 + r + 5. Let v be i(-3). Let b(y) = y**3 + 6*y**2 - 12*y + 7. List the prime factors of b(v).
2, 3, 7
Suppose -p + 3229 = u + 2*u, -p - 2151 = -2*u. What are the prime factors of u?
2, 269
Suppose 41 = -2*d + 381. Let w = d + -120. List the prime factors of w.
2, 5
Suppose -2*x + 2*w - 54 = -w, -3*x - 55 = 2*w. Let q be (x/14)/((-3)/(-8)). List the prime factors of ((-20)/6)/(q/18).
3, 5
Let r(k) = -2*k**2 - 18*k - 9. Let n be r(-6). What are the prime factors of -12*(18/n - 2*1)?
2
Suppose 5*v - 4466 = -2*x, 0 = -10*v + 5*v - x + 4468. What are the prime factors of v?
2, 3, 149
Suppose -8 - 62 = 2*d. Suppose 2*j + 2*j + 12 = 0, -2*j - 39 = 3*n. Let x = n - d. What are the prime factors of x?
2, 3
Suppose 0 = -w + 2. Suppose w*v + 3*v - 10 = -b, -2*b + v = -31. Suppose -t + 3 + b = 0. What are the prime factors of t?
2, 3
Suppose 2 + 157 = 3*n. Let p = n + -14. What are the prime factors of p?
3, 13
Let v = 865 - -3116. List the prime factors of v.
3, 1327
Suppose o - 9468 = -4*h, 3*o = -2*o + 20. List the prime factors of h.
2, 7, 13
Let f(z) be the third derivative of -z**6/72 - z**5/15 - z**4/8 + 3*z**2. Let o(j) be the second derivative of f(j). List the prime factors of o(-7).
2, 31
Let l = 342 + -132. Let t = 309 - l. List the prime factors of t.
3, 11
Let m(v) = 244*v - 27. List the prime factors of m(2).
461
Suppose 0 = 2*n - 2107 - 3577. List the prime factors of n.
2, 7, 29
Let y(v) = -6*v**3 + 9*v - 15. Let l be y(4). Let r = -244 - l. List the prime factors of r.
7, 17
Let s = -17 - -23. What are the prime factors of (s + -4 - -2) + 37?
41
Let o be ((-2 - 1)*-3)/(-1). Suppose -5*i + 0 = -4*g - 27, 5*i + 12 = g. Let p = o - g. List the prime factors of p.
2
Suppose 0 = -t - 16*n + 20*n - 36, -5*n = -t - 34. List the prime factors of (4 + -3)/((-2)/t).
2, 11
Let q be 477/45 - (-6)/(-10). Suppose 2*k + 0*k - q = 0. Suppose k*l - 3*l - d - 6 = 0, 2*l - 8 = 2*d. List the prime factors of l.
2
Suppose -4*b + r = 648 - 4120, 0 = 5*b - 3*r - 4340. What are the prime factors of b?
2, 7, 31
Suppose -3*v = -i + 1025 + 809, -4*v - 7352 = -4*i. List the prime factors of i.
2, 5, 23
Let f be (-7 - 351/(-45))*(-5)/(-2). List the prime factors of -4 + (